{"id":1214,"date":"2026-02-23T21:11:43","date_gmt":"2026-02-23T20:11:43","guid":{"rendered":"https:\/\/phytotherapie.at\/wordpress\/?post_type=product&#038;p=1214"},"modified":"2026-03-09T22:00:51","modified_gmt":"2026-03-09T21:00:51","slug":"exkursion-kottas-pharma-gmbh-2026","status":"publish","type":"product","link":"https:\/\/www.phytotherapie.at\/wordpress\/produkt\/exkursion-kottas-pharma-gmbh-2026\/","title":{"rendered":"Exkursion zur Firma KOTTAS PHARMA GmbH &#8211; 23.04.2026 09:00 Uhr"},"content":{"rendered":"<p><strong>EXKURSION ZUR FIRMA KOTTAS PHARMA GMBH mit Dr. Oliver Vendl am Donnerstag den 23.04.2026 um 09:00 Uhr\u00a0<\/strong><\/p>\n<p><strong>Kosten<\/strong>: 10\u20ac pro Person<\/p>\n<p>Wir ersuchen um Anmeldung bis sp\u00e4testens Montag, 20. April 2026<\/p>\n<p><strong>Treffpunkt<\/strong>: Endresstra\u00dfe 90, 1230 Wien um 09:00 Uhr<\/p>\n<p><strong>Programm<\/strong>: Besichtigung der Produktionsst\u00e4tte und Teebeutelabf\u00fcllung in der Endresstra\u00dfe und Besuch des Kr\u00e4uterlagers in der Eitnergasse im 23. Bezirk in Wien.<\/p>\n<p><strong>Besondere Hinweise<\/strong>: Die Exkursion wird bis etwa 12:00 Uhr dauern. Bitte beachten Sie, dass die Mitnahme von Hunden nicht m\u00f6glich ist. Der kurze Transport zwischen den beiden Firmenstandorten wird organisiert.<\/p>\n","protected":false},"excerpt":{"rendered":"<p><strong>EXKURSION ZUR FIRMA KOTTAS PHARMA GMBH mit Dr. Oliver Vendl am Donnerstag dern 23.04.2026 um 09:00 Uhr\u00a0<\/strong><\/p>\n","protected":false},"featured_media":1221,"template":"","meta":[],"product_brand":[],"product_cat":[58],"product_tag":[],"class_list":{"0":"post-1214","1":"product","2":"type-product","3":"status-publish","4":"has-post-thumbnail","6":"product_cat-exkursion-w","8":"first","9":"instock","10":"virtual","11":"purchasable","12":"product-type-simple"},"_links":{"self":[{"href":"https:\/\/www.phytotherapie.at\/wordpress\/wp-json\/wp\/v2\/product\/1214","targetHints":{"allow":["GET"]}}],"collection":[{"href":"https:\/\/www.phytotherapie.at\/wordpress\/wp-json\/wp\/v2\/product"}],"about":[{"href":"https:\/\/www.phytotherapie.at\/wordpress\/wp-json\/wp\/v2\/types\/product"}],"wp:featuredmedia":[{"embeddable":true,"href":"https:\/\/www.phytotherapie.at\/wordpress\/wp-json\/wp\/v2\/media\/1221"}],"wp:attachment":[{"href":"https:\/\/www.phytotherapie.at\/wordpress\/wp-json\/wp\/v2\/media?parent=1214"}],"wp:term":[{"taxonomy":"product_brand","embeddable":true,"href":"https:\/\/www.phytotherapie.at\/wordpress\/wp-json\/wp\/v2\/product_brand?post=1214"},{"taxonomy":"product_cat","embeddable":true,"href":"https:\/\/www.phytotherapie.at\/wordpress\/wp-json\/wp\/v2\/product_cat?post=1214"},{"taxonomy":"product_tag","embeddable":true,"href":"https:\/\/www.phytotherapie.at\/wordpress\/wp-json\/wp\/v2\/product_tag?post=1214"}],"curies":[{"name":"wp","href":"https:\/\/api.w.org\/{rel}","templated":true}]}}