{"id":1217,"date":"2026-02-24T08:38:14","date_gmt":"2026-02-24T07:38:14","guid":{"rendered":"https:\/\/phytotherapie.at\/wordpress\/?post_type=product&#038;p=1217"},"modified":"2026-03-09T20:12:22","modified_gmt":"2026-03-09T19:12:22","slug":"pharmakobotanische-exkursion-in-der-steiermark-2026-nicht-mitglied","status":"publish","type":"product","link":"https:\/\/www.phytotherapie.at\/wordpress\/produkt\/pharmakobotanische-exkursion-in-der-steiermark-2026-nicht-mitglied\/","title":{"rendered":"Pharmakobotanische Exkursion in der Steiermark 04. Juli 2026 | Nicht-Mitglied"},"content":{"rendered":"<p class=\"lead aos-init aos-animate\" data-aos=\"fade-right\" data-aos-duration=\"1000\" data-aos-delay=\"800\"><b>Halbt\u00e4gige Pharmakobotanische Exkursion<\/b> mit <b>Mag. Ernst Fr\u00fchmann<\/b> am <b>Samstag, 04. Juli 2026<\/b>\u00a0&#8211; Eine Wanderung entlang der Heilkr\u00e4uter-Meilen Aflenz.<\/p>\n<p><b>Kosten<\/b>: 28\u20ac \/ 15\u20ac f\u00fcr Nicht-Mitglieder \/ Mitglieder.<\/p>\n<p><b>Treffpunkt<\/b>: 14:00 Uhr Konditorei Moser-Fink, Kurort Aflenz.<\/p>\n<p><b>Programm<\/b>: Entlang des Weges ergibt sich die M\u00f6glichkeit \u00fcber 50 verschiedene Heilpflanzen\/Arzneipflanzen anzusprechen und verschiedene Arten aufgrund klarer Merkmale zu vergleichen und zu unterscheiden. Dauer der Wanderung: 4-5 Stunden.<\/p>\n<p><strong>Ende: <\/strong>19:00 Uhr beim Pierergut. Dort gibt es die M\u00f6glichkeit einer abschlie\u00dfenden Jause oder man n\u00fctzt gleich auf kurzem Weg \u2013 etwas steiler \u2013 den Abstieg nach Aflenz Kurort zum Ausgangspunkt.<\/p>\n<p><strong>Exkursionsziel<\/strong>: Arzneipflanzen in der Natur anhand bestimmter Merkmale sicher zu erkennen, deren wissenschaftlich gesicherte Wirkungen\/Wirksamkeiten anzusprechen, unterschiedliche Arten innerhalb einer Gattung zu vergleichen und von eventuell giftigen \u201eDoppelg\u00e4ngern\u201c klar zu unterscheiden.<\/p>\n<p>Die Fortbildung wurde nach den Vorgaben der neuen Fortbildungsrichtlinien der \u00d6AK gepr\u00fcft und es werden dem Zeitaufwand entsprechende AFP (Pharmazeutisch, Pr\u00e4senz) f\u00fcr das Fortbildungskonto approbiert.<\/p>\n","protected":false},"excerpt":{"rendered":"<p><b>Halbt\u00e4gige Pharmakobotanische Exkursion<\/b> mit <b>Mag. Ernst Fr\u00fchmann<\/b> am <b>Samstag, 04. Juli 2026<\/b>&#8211; Eine Wanderung entlang der Heilkr\u00e4uter-Meilen Aflenz.<\/p>\n","protected":false},"featured_media":1218,"template":"","meta":[],"product_brand":[],"product_cat":[63],"product_tag":[],"class_list":{"0":"post-1217","1":"product","2":"type-product","3":"status-publish","4":"has-post-thumbnail","6":"product_cat-exkursion-s","8":"first","9":"instock","10":"virtual","11":"purchasable","12":"product-type-simple"},"_links":{"self":[{"href":"https:\/\/www.phytotherapie.at\/wordpress\/wp-json\/wp\/v2\/product\/1217","targetHints":{"allow":["GET"]}}],"collection":[{"href":"https:\/\/www.phytotherapie.at\/wordpress\/wp-json\/wp\/v2\/product"}],"about":[{"href":"https:\/\/www.phytotherapie.at\/wordpress\/wp-json\/wp\/v2\/types\/product"}],"wp:featuredmedia":[{"embeddable":true,"href":"https:\/\/www.phytotherapie.at\/wordpress\/wp-json\/wp\/v2\/media\/1218"}],"wp:attachment":[{"href":"https:\/\/www.phytotherapie.at\/wordpress\/wp-json\/wp\/v2\/media?parent=1217"}],"wp:term":[{"taxonomy":"product_brand","embeddable":true,"href":"https:\/\/www.phytotherapie.at\/wordpress\/wp-json\/wp\/v2\/product_brand?post=1217"},{"taxonomy":"product_cat","embeddable":true,"href":"https:\/\/www.phytotherapie.at\/wordpress\/wp-json\/wp\/v2\/product_cat?post=1217"},{"taxonomy":"product_tag","embeddable":true,"href":"https:\/\/www.phytotherapie.at\/wordpress\/wp-json\/wp\/v2\/product_tag?post=1217"}],"curies":[{"name":"wp","href":"https:\/\/api.w.org\/{rel}","templated":true}]}}