{"id":318,"date":"2023-05-22T18:25:34","date_gmt":"2023-05-22T16:25:34","guid":{"rendered":"https:\/\/phytotherapie.at\/wordpress\/?post_type=product&#038;p=318"},"modified":"2023-06-18T12:59:16","modified_gmt":"2023-06-18T10:59:16","slug":"kinderexkursion_17_06_2023","status":"publish","type":"product","link":"https:\/\/www.phytotherapie.at\/wordpress\/produkt\/kinderexkursion_17_06_2023\/","title":{"rendered":"Kinderexkursion am Department f\u00fcr Pharmazeutische Wissenschaften | Division f\u00fcr Pharmakognosie &#8211; 17. Juni 2023"},"content":{"rendered":"<h3 class=\"aos-init aos-animate\" data-aos=\"fade-right\" data-aos-offset=\"400\">Kinderexkursion am Department f\u00fcr Pharmazeutische Wissenschaften | Division f\u00fcr Pharmakognosie<\/h3>\n<p class=\"lead aos-init aos-animate\" data-aos=\"fade-right\" data-aos-duration=\"1000\" data-aos-delay=\"800\"><b>Kinderexkursion<\/b> mit <b>Apothekerin und Kinderbuchautorin Mag. pharm. Dr. Elisabeth Ginko<\/b> am <b>Samstag, 17. Juni 2023 ab 14 Uhr<\/b> im Arzneipflanzengarten des Departments f\u00fcr Pharmazeutische Wissenschaften in Wien.<\/p>\n<p><b>Kosten<\/b>: 15\u20ac pro Kind<\/p>\n<p>Wir ersuchen um Anmeldung bis sp\u00e4testens 16. Juni 2023.<\/p>\n<p><b>Treffpunkt<\/b>: Josef-Holaubek Platz 2, vor dem Eingang zum Universit\u00e4tsgeb\u00e4ude UZA II bei der Rotunde um 14 Uhr<\/p>\n<p><b>Programm<\/b>: Nach dem Besuch des Arzneipflanzengartens und dem spielerischen Kennenlernen spannender Arzneipflanzen gibt es die M\u00f6glichkeit einfache Extraktionsversuche und mikroskopische Analysen selbst hergestellter Pflanzenproben durchzuf\u00fchren.<\/p>\n<p><b>Besondere Hinweise<\/b>: Die Exkursion wird bis etwa 16 Uhr dauern. Die Teilnahme ist f\u00fcr Kinder ab 6 Jahren m\u00f6glich. Pro Kind bzw. pro Kinder einer Familie muss \u00fcber die gesamte Exkursion eine erwachsene Begleitperson anwesend sein, die kostenlos an der Veranstaltung teilnehmen kann. Bitte beachten Sie, dass die Mitnahme von Hunden nicht m\u00f6glich ist! Danke!<\/p>\n<p>&nbsp;<\/p>\n","protected":false},"excerpt":{"rendered":"<h3 class=\"aos-init aos-animate\" data-aos=\"fade-right\" data-aos-offset=\"400\">Kinderexkursion am Department f\u00fcr Pharmazeutische Wissenschaften | Division f\u00fcr Pharmakognosie<\/h3>\n<p class=\"lead aos-init aos-animate\" data-aos=\"fade-right\" data-aos-duration=\"1000\" data-aos-delay=\"800\"><b>Kinderexkursion<\/b> mit <b>Apothekerin und Kinderbuchautorin Mag. pharm. Dr. Elisabeth Ginko<\/b> am <b>Samstag, 17. Juni 2023 ab 14 Uhr<\/b> im Arzneipflanzengarten des Departments f\u00fcr Pharmazeutische Wissenschaften in Wien.<\/p>\n","protected":false},"featured_media":319,"template":"","meta":[],"product_brand":[],"product_cat":[58],"product_tag":[],"class_list":{"0":"post-318","1":"product","2":"type-product","3":"status-publish","4":"has-post-thumbnail","6":"product_cat-exkursion-w","8":"first","9":"outofstock","10":"virtual","11":"purchasable","12":"product-type-simple"},"_links":{"self":[{"href":"https:\/\/www.phytotherapie.at\/wordpress\/wp-json\/wp\/v2\/product\/318","targetHints":{"allow":["GET"]}}],"collection":[{"href":"https:\/\/www.phytotherapie.at\/wordpress\/wp-json\/wp\/v2\/product"}],"about":[{"href":"https:\/\/www.phytotherapie.at\/wordpress\/wp-json\/wp\/v2\/types\/product"}],"wp:featuredmedia":[{"embeddable":true,"href":"https:\/\/www.phytotherapie.at\/wordpress\/wp-json\/wp\/v2\/media\/319"}],"wp:attachment":[{"href":"https:\/\/www.phytotherapie.at\/wordpress\/wp-json\/wp\/v2\/media?parent=318"}],"wp:term":[{"taxonomy":"product_brand","embeddable":true,"href":"https:\/\/www.phytotherapie.at\/wordpress\/wp-json\/wp\/v2\/product_brand?post=318"},{"taxonomy":"product_cat","embeddable":true,"href":"https:\/\/www.phytotherapie.at\/wordpress\/wp-json\/wp\/v2\/product_cat?post=318"},{"taxonomy":"product_tag","embeddable":true,"href":"https:\/\/www.phytotherapie.at\/wordpress\/wp-json\/wp\/v2\/product_tag?post=318"}],"curies":[{"name":"wp","href":"https:\/\/api.w.org\/{rel}","templated":true}]}}