{"id":885,"date":"2025-02-20T21:00:19","date_gmt":"2025-02-20T20:00:19","guid":{"rendered":"https:\/\/phytotherapie.at\/wordpress\/?post_type=product&#038;p=885"},"modified":"2025-06-05T07:12:42","modified_gmt":"2025-06-05T05:12:42","slug":"pharmakobotanische-exkursion-in-tirol-tarrenz-sinnesbrunn-2025-nicht-mitglied","status":"publish","type":"product","link":"https:\/\/www.phytotherapie.at\/wordpress\/produkt\/pharmakobotanische-exkursion-in-tirol-tarrenz-sinnesbrunn-2025-nicht-mitglied\/","title":{"rendered":"Pharmakobotanische Exkursion in Tirol &#8211; Tarrenz, Sinnesbrunn 07.06.2025 | Nicht-Mitglied"},"content":{"rendered":"<p><b>Halbt\u00e4gige Pharmakobotanische Exkursion<\/b> mit <b>Mag. Lechner-Pagitz<\/b> am <b>Samstag, 7. Juni 2025<\/b>\u00a0in der Umgebung Tarrenz \u2013 Sinnesbrunn<\/p>\n<p data-start=\"100\" data-end=\"322\">Der Weg ist \u00e4u\u00dferst abwechslungsreich: Ausgehend von einem lichten Kiefernwald mit seiner typischen Begleitflora f\u00fchrt er uns \u00fcber farbenfrohe Weidefl\u00e4chen hin zu verschiedenen Moorlandschaften und offenen Wasserfl\u00e4chen. Teile dieses Gebiets geh\u00f6ren zum Schutzgebiet <strong data-start=\"370\" data-end=\"387\">\u201eSinnesbrunn\u201c<\/strong>, einem Natura-2000-Gebiet, das als Refugium f\u00fcr eine \u00e4u\u00dferst seltene Libellenart gilt.<\/p>\n<p><b>Treffpunkt<\/b>: 10:00 Uhr bei der Sinnes Waldrast, dann geht es \u00fcber die Wallfahrtskirche auf die Kohlstattb\u00f6den und den G\u00f6felesee und wieder zur\u00fcck.<\/p>\n<p><b>Besondere Hinweise<\/b>: Dauer ca. f\u00fcnf Stunden.<\/p>\n<p><b>Kosten<\/b>: 28\u20ac \/ 15\u20ac f\u00fcr Nicht-Mitglieder \/ Mitglieder.<\/p>\n<p>Die Fortbildung wurde nach den Vorgaben der neuen Fortbildungsrichtlinien der \u00d6AK gepr\u00fcft und es werden dem Zeitaufwand entsprechende AFP (Pharmazeutisch, Pr\u00e4senz) f\u00fcr das Fortbildungskonto approbiert.<\/p>\n","protected":false},"excerpt":{"rendered":"<p><b>Halbt\u00e4gige Pharmakobotanische Exkursion<\/b> mit <b>Mag. Lechner-Pagitz<\/b> am <b>Samstag, 7. Juni 2025<\/b>\u00a0in der Umgebung Tarrenz \u2013 Sinnesbrunn<\/p>\n","protected":false},"featured_media":884,"template":"","meta":[],"product_brand":[],"product_cat":[62],"product_tag":[],"class_list":{"0":"post-885","1":"product","2":"type-product","3":"status-publish","4":"has-post-thumbnail","6":"product_cat-exkursion-t","8":"first","9":"outofstock","10":"virtual","11":"purchasable","12":"product-type-simple"},"_links":{"self":[{"href":"https:\/\/www.phytotherapie.at\/wordpress\/wp-json\/wp\/v2\/product\/885","targetHints":{"allow":["GET"]}}],"collection":[{"href":"https:\/\/www.phytotherapie.at\/wordpress\/wp-json\/wp\/v2\/product"}],"about":[{"href":"https:\/\/www.phytotherapie.at\/wordpress\/wp-json\/wp\/v2\/types\/product"}],"wp:featuredmedia":[{"embeddable":true,"href":"https:\/\/www.phytotherapie.at\/wordpress\/wp-json\/wp\/v2\/media\/884"}],"wp:attachment":[{"href":"https:\/\/www.phytotherapie.at\/wordpress\/wp-json\/wp\/v2\/media?parent=885"}],"wp:term":[{"taxonomy":"product_brand","embeddable":true,"href":"https:\/\/www.phytotherapie.at\/wordpress\/wp-json\/wp\/v2\/product_brand?post=885"},{"taxonomy":"product_cat","embeddable":true,"href":"https:\/\/www.phytotherapie.at\/wordpress\/wp-json\/wp\/v2\/product_cat?post=885"},{"taxonomy":"product_tag","embeddable":true,"href":"https:\/\/www.phytotherapie.at\/wordpress\/wp-json\/wp\/v2\/product_tag?post=885"}],"curies":[{"name":"wp","href":"https:\/\/api.w.org\/{rel}","templated":true}]}}

<p><b>Halbtägige Pharmakobotanische Exkursion</b> mit <b>Mag. Lechner-Pagitz</b> am <b>Samstag, 7. Juni 2025</b> in der Umgebung Tarrenz – Sinnesbrunn</p>
<p data-start="100" data-end="322">Der Weg ist äußerst abwechslungsreich: Ausgehend von einem lichten Kiefernwald mit seiner typischen Begleitflora führt er uns über farbenfrohe Weideflächen hin zu verschiedenen Moorlandschaften und offenen Wasserflächen. Teile dieses Gebiets gehören zum Schutzgebiet <strong data-start="370" data-end="387">„Sinnesbrunn“</strong>, einem Natura-2000-Gebiet, das als Refugium für eine äußerst seltene Libellenart gilt.</p>
<p><b>Treffpunkt</b>: 10:00 Uhr bei der Sinnes Waldrast, dann geht es über die Wallfahrtskirche auf die Kohlstattböden und den Göfelesee und wieder zurück.</p>
<p><b>Besondere Hinweise</b>: Dauer ca. fünf Stunden.</p>
<p><b>Kosten</b>: 28€ / 15€ für Nicht-Mitglieder / Mitglieder.</p>
<p>Die Fortbildung wurde nach den Vorgaben der neuen Fortbildungsrichtlinien der ÖAK geprüft und es werden dem Zeitaufwand entsprechende AFP (Pharmazeutisch, Präsenz) für das Fortbildungskonto approbiert.</p>

<p><b>Halbtägige Pharmakobotanische Exkursion</b> mit <b>Mag. Lechner-Pagitz</b> am <b>Samstag, 7. Juni 2025</b> in der Umgebung Tarrenz – Sinnesbrunn</p>
