{"id":933,"date":"2025-03-11T08:22:01","date_gmt":"2025-03-11T07:22:01","guid":{"rendered":"https:\/\/phytotherapie.at\/wordpress\/?post_type=product&#038;p=933"},"modified":"2025-04-23T09:21:12","modified_gmt":"2025-04-23T07:21:12","slug":"pharmakobotanische-exkursion-im-linzer-arboretum-2025-nicht-mitglied","status":"publish","type":"product","link":"https:\/\/www.phytotherapie.at\/wordpress\/produkt\/pharmakobotanische-exkursion-im-linzer-arboretum-2025-nicht-mitglied\/","title":{"rendered":"Pharmakobotanische Exkursion im Linzer Arboretum 2025 | Nicht-Mitglied"},"content":{"rendered":"<p class=\"lead aos-init aos-animate\" data-aos=\"fade-right\" data-aos-duration=\"1000\" data-aos-delay=\"800\"><b>Halbt\u00e4gige Pharmakobotanische Exkursion<\/b> mit <b>Mag. pharm. Ute Zeppetzauer und Mag. pharm. Gero Anzinger<\/b> am <b>Samstag, 26. April 2025 um 14 Uhr<\/b> zum und im <strong>Linzer Arboretum<\/strong>.<\/p>\n<p><b>Kosten<\/b>: 28\u20ac \/ 15\u20ac f\u00fcr Nicht-Mitglieder \/ Mitglieder.<\/p>\n<p>Wir ersuchen um Anmeldung bis sp\u00e4testens Mittwoch, 23. April 2025.<\/p>\n<p><b>Treffpunkt<\/b>: Parkplatz K\u00fcrnbergerweg 9, 4020 Linz.<\/p>\n<p><b>Programm<\/b>: Arzneipflanzen auf dem Weg zum und im Linzer Arboretum.<\/p>\n<p><b>Besondere Hinweise<\/b>:<br \/>\nDie Exkursion wird bis etwa 18 Uhr dauern.<br \/>\nDie Mitnahme von Hunden in den Botanischen Garten Linz ist an der kurzen Leine erlaubt.<\/p>\n<p>Die Fortbildung wurde nach den Vorgaben der neuen Fortbildungsrichtlinien der \u00d6AK gepr\u00fcft und es werden dem Zeitaufwand entsprechende AFP (Pharmazeutisch, Pr\u00e4senz) f\u00fcr das Fortbildungskonto approbiert.<\/p>\n","protected":false},"excerpt":{"rendered":"<p><b>Halbt\u00e4gige Pharmakobotanische Exkursion<\/b> mit <b>Mag. pharm. Ute Zeppetzauer und Mag. pharm. Gero Anzinger<\/b> am <b>Samstag, 26. April 2025 um 14 Uhr<\/b> zum und im <strong>Linzer Arboretum<\/strong>.<\/p>\n","protected":false},"featured_media":553,"template":"","meta":[],"product_brand":[],"product_cat":[57],"product_tag":[],"class_list":{"0":"post-933","1":"product","2":"type-product","3":"status-publish","4":"has-post-thumbnail","6":"product_cat-exkursion-ooe","8":"first","9":"outofstock","10":"virtual","11":"purchasable","12":"product-type-simple"},"_links":{"self":[{"href":"https:\/\/www.phytotherapie.at\/wordpress\/wp-json\/wp\/v2\/product\/933","targetHints":{"allow":["GET"]}}],"collection":[{"href":"https:\/\/www.phytotherapie.at\/wordpress\/wp-json\/wp\/v2\/product"}],"about":[{"href":"https:\/\/www.phytotherapie.at\/wordpress\/wp-json\/wp\/v2\/types\/product"}],"wp:featuredmedia":[{"embeddable":true,"href":"https:\/\/www.phytotherapie.at\/wordpress\/wp-json\/wp\/v2\/media\/553"}],"wp:attachment":[{"href":"https:\/\/www.phytotherapie.at\/wordpress\/wp-json\/wp\/v2\/media?parent=933"}],"wp:term":[{"taxonomy":"product_brand","embeddable":true,"href":"https:\/\/www.phytotherapie.at\/wordpress\/wp-json\/wp\/v2\/product_brand?post=933"},{"taxonomy":"product_cat","embeddable":true,"href":"https:\/\/www.phytotherapie.at\/wordpress\/wp-json\/wp\/v2\/product_cat?post=933"},{"taxonomy":"product_tag","embeddable":true,"href":"https:\/\/www.phytotherapie.at\/wordpress\/wp-json\/wp\/v2\/product_tag?post=933"}],"curies":[{"name":"wp","href":"https:\/\/api.w.org\/{rel}","templated":true}]}}